4/4366?
2
Let r = 47 + -42. Suppose 2 = -4*t + 5*m - 7, 0 = m - r. What is the remainder when 24/14*(-7)/(-2) is divided by t?
2
Calculate the remainder when ((-379)/4)/(-58 - -58 - 3/24) is divided by 123.
20
Let c(o) = 6*o**2 - 28*o + 920. Calculate the remainder when c(26) is divided by 1415.
3
Let d(x) = 4*x**2 - x + 2. Let r(b) = 3*b**3 + b**2 + 2*b - 3. Let l be r(1). What is the remainder when d(l) is divided by 10/(-75) - (-197)/15?
9
Let y = 426 - 437. Let o(i) = -9*i - 69. What is the remainder when 61 is divided by o(y)?
1
Let d(s) be the first derivative of 16*s - 7 + 4*s**2 + 2 + 2 + 0. What is the remainder when d(3) is divided by 11?
7
Suppose 0 = 945*t - 948*t - 4*b + 567, 3*b - 184 = -t. What is the remainder when 2479 is divided by t?
163
Let v(z) = -z + 35. Let g be v(33). Calculate the remainder when 481 is divided by 525/21 + g*-1.
21
Let r(i) = 5*i**2 - 31*i - 181. What is the remainder when r(-28) is divided by 16?
15
Let q(l) = -l**3 + 8*l**2 - 7*l + 10. Let t be q(7). Suppose -9 + 119 = -t*o. Calculate the remainder when (o/(-2) - 2)*48/3 is divided by 19.
18
Suppose 3*i = 2836*c - 2840*c + 109052, 3*i = 24. What is the remainder when c is divided by 33?
32
Suppose -98*y + 102*y - 601 = 5*i, 0 = 4*y - 2*i - 586. Calculate the remainder when 172 is divided by y.
28
Let l(n) = 17*n + 16. Suppose 8*o + 29 = -11. Let m be l(o). What is the remainder when (-4 + (-55)/(-15))*m is divided by 8?
7
Suppose -10*c + 916 + 874 = 0. What is the remainder when c is divided by 60?
59
Suppose 0 = -2*l + 4*q + 1551 - 597, -4*q + 954 = 2*l. What is the remainder when l is divided by 51?
18
Suppose 2*m - 5*f = -0*f + 29, -2*f - 41 = -5*m. Suppose -97 = 4*j + 3*t - 184, j - 3*t - 33 = 0. What is the remainder when j is divided by m?
3
Let o(f) = -f**3 + 6*f**2 + 17*f - 4. Let x be o(8). Suppose -x*m = y - 117, 3*m - 322 = -4*y + 133. Calculate the remainder when y is divided by 30.
23
Suppose -5*j = -242 - 498. Calculate the remainder when j is divided by 50.
48
Suppose -33*r + 36*r - 24 = 0. Suppose -r*i = -4*i - 56. Calculate the remainder when (264/42)/(4/14) is divided by i.
8
Calculate the remainder when 678 is divided by ((-14)/(-4) - 136/68)*74.
12
Suppose 2*i - 15 = 133. Let c(o) be the second derivative of -o**4/12 - 7*o**3/6 + 8*o**2 + 68*o. Calculate the remainder when i is divided by c(-5).
22
Suppose 11960 = 5*h - 5*t, 4 = -79*t + 80*t. What is the remainder when h is divided by 20?
16
Suppose 277 = 99*v - 110*v + 1839. Calculate the remainder when v is divided by 54.
34
Let x(d) = d**3 - 8*d**2 + 13*d + 2. Let m be x(6). Suppose -m*i = -4*i - 124. What is the remainder when 73 is divided by i?
11
Let m = -139 - -73. Let k = -25 - m. Suppose 3 + 5 = i - 2*d, 0 = -5*i + 2*d + 64. What is the remainder when k is divided by i?
13
Let m(v) = -6*v**2 + 28*v + 5. Suppose 0 = -37*y + 25*y + 48. Calculate the remainder when 41 is divided by m(y).
20
Let f = -40804 - -47620. Calculate the remainder when f is divided by 7.
5
Suppose 0 = 2*i + 909 - 1019. Calculate the remainder when (22/i - 2188/(-30))*3 is divided by 74.
72
Suppose -7*p - 35 = -217. What is the remainder when p/((-141)/24 - -6) is divided by 21?
19
Let l = -492 + 518. Suppose -l*g + 25*g + 88 = 0. Calculate the remainder when g is divided by 15.
13
Suppose 0 = 11*k + 13*k + 4*k - 504. Let l = 80 + 23. Calculate the remainder when l is divided by k.
13
What is the remainder when 2389 is divided by ((-99)/(-12))/((-36)/(-45) + (-1)/20)?
2
Suppose 22*h - 8188 - 5127 = 765. What is the remainder when h is divided by 7?
3
Suppose 0 = 2*j + 5*n - 300 - 321, -2*j + 3*n + 597 = 0. Let o = j - 0. Calculate the remainder when o is divided by 19.
18
Let d(w) = 3*w**2 + 14*w + 37. Let a be d(11). Let q = a + -536. What is the remainder when 48 is divided by q?
12
Let d(m) = 16*m**2 - 189*m + 1376. What is the remainder when d(7) is divided by 60?
57
Let d = -62 - -65. Suppose -5*q + d*q + 70 = 0. What is the remainder when 78 is divided by q?
8
Suppose 385*o - 1524 = -2081 + 13647. Suppose -7*n + 2*n = -30. Calculate the remainder when o is divided by n.
4
Suppose 3*o + g - 5*g - 125 = 0, -5*o - 4*g = -219. Let t = -455 + 471. Calculate the remainder when o is divided by t.
11
Suppose -4 = -d, -3*l + 6*d + 1105 = 16*d. What is the remainder when 446 is divided by l?
91
Let j(t) = 30*t - 36*t - 10 - 11. What is the remainder when j(-6) is divided by 7?
1
Let t(g) = -2*g + 1. Calculate the remainder when 38 - (-13 + 72/6)/(3/15) is divided by t(-4).
7
Suppose -90418 = -178*k + 125*k. Calculate the remainder when k is divided by 156.
146
Let t(h) = -h**3 - 2*h**2 - 7*h + 2. Suppose 0 = 7*m - 2292 - 4645. Suppose 802 - m = -7*l. Calculate the remainder when t(-6) is divided by l.
26
Let f(u) be the first derivative of u**4/2 - 28*u**3/3 - 29*u**2/2 + 24*u - 107. Calculate the remainder when 60 is divided by f(15).
21
Suppose 1763 = -3*g + 4*y, 2*g + 2*y = 174 - 1340. Let j = 592 + g. Suppose -6*v = -11*v + 35. Calculate the remainder when j is divided by v.
0
Suppose 0 = -11*z + 2934 - 107. Calculate the remainder when z is divided by 100.
57
Let m be 3 - -612*((-18)/4)/(-3). Suppose 3*u - 4*u + 5*f = -213, 0 = 4*u + 3*f - m. What is the remainder when u is divided by 58?
54
Suppose -2*w = -w - 1. Let s be (2 + -7)/(-1)*(w + 0). Suppose j = -s*j + 48. What is the remainder when 13 is divided by j?
5
Let s = 5215 - 5052. What is the remainder when s is divided by 26?
7
Let l(f) be the second derivative of -7*f**3/3 - 3*f**2 + 8*f. Let w be l(-4). Let k = w - 22. Calculate the remainder when k is divided by 18.
10
Let d(t) = -9*t + 27. Let v be d(-9). Suppose 5*x - 25 = 0, f + x + 86 = 3*x. Let u = v + f. Calculate the remainder when u is divided by 11.
10
Let k(w) = -w**3 + 55*w**2 - 646*w + 25. Calculate the remainder when 796 is divided by k(17).
21
Let m = -313 - -337. Suppose 25*l - 194 = m*l. Calculate the remainder when l is divided by 15.
14
Let w(y) = -3*y + 39. Suppose -8 = -4*t + 8. What is the remainder when 51 is divided by w(t)?
24
Suppose 4*p - 25 = -3*q + 4*q, -q - 31 = -5*p. Suppose -49 = -p*x - x. Calculate the remainder when x is divided by 2.
1
Suppose -h = 3*j + 175, 2*h + j - 357 = 4*h. Let d = -152 - h. What is the remainder when 46 is divided by d?
20
Suppose 4*n = -2*j + 7*n - 964, 4*n = 0. Let r = j - -513. Calculate the remainder when r is divided by 22.
9
Let g be 0 + -49 + (4 - 1). Let z be 28*(-5)/20*-8. Let v = g + z. What is the remainder when 87 is divided by v?
7
Let y(q) = -100*q**2 + 2808*q - 10. Let d = 92 - 37. Calculate the remainder when y(28) is divided by d.
49
Let g(q) = 17*q + 91. Let c be g(-17). Let u = c + 242. Calculate the remainder when u is divided by 8.
4
Suppose 4*a - 2496 = -75*r + 73*r, 3*a = r + 1872. Calculate the remainder when a is divided by 59.
34
Suppose -2*h = c - 0*h - 192, -c + 177 = -3*h. Suppose -c = -j - 167. What is the remainder when 301 is divided by j?
16
Suppose -p + 2*p - a - 7 = 0, 0 = -2*p - a + 17. Suppose -6 = 2*k - 4*l, -k + 3*l - 6 = -2*l. What is the remainder when k/(-6) - 346/(-12) is divided by p?
5
Suppose -27*l = -5*p - 40*l + 261, -p - 4*l + 55 = 0. Let y = -135 + 224. What is the remainder when y is divided by p?
42
What is the remainder when ((-63)/6)/(189/(-14868)) is divided by 142?
116
Suppose 2*y + 5*x - 135 = -41, 141 = 3*y - 2*x. Let d = -18 + y. Suppose 194*h = 193*h + 16. Calculate the remainder when d is divided by h.
13
Suppose 77*o = 88*o - 561. Suppose 1058 + 265 = z. Calculate the remainder when z is divided by o.
48
Suppose 264 = 5*c - 4*h, 4*c + 15*h - 11*h = 240. What is the remainder when 115 is divided by c?
3
Let q(x) = 614*x + 693. Calculate the remainder when q(-1) is divided by 59.
20
Suppose 155*b + 20 = 160*b. Calculate the remainder when 107 is divided by ((-9)/b + 9 + -9)*-4.
8
Let t = -29 + 33. Suppose 138 = 2*a - 2*u, -4*a + 4*u = -a - 208. Suppose 0*d + a = t*d. Calculate the remainder when d is divided by 11.
6
Let l = -3704 + 3980. Calculate the remainder when 613 is divided by l.
61
Let q = 42 - -26. Let c = 5358 - 5141. What is the remainder when c is divided by q?
13
Suppose 0 = -s - 5*z + 113 + 195, 18*s + 3*z = 6240. What is the remainder when 706 is divided